 y be 1 - (-1)/(5/15). Suppose -5*j - 10 = -2*i, j - 2*j = y. Let v(d) = -10*d + 5. What are the prime factors of v(i)?
5, 11
Let b(g) = -15*g + 25. Let s(i) = i**2 - 4*i - 26. Let r be s(7). What are the prime factors of b(r)?
2, 5
Suppose 11*p = 14*p - 9. Suppose -5*b = -p*b - 140. What are the prime factors of b?
2, 5, 7
Let b = 19 + -31. Let q be -4 + 2 - (-1 - b). Let v = q - -30. List the prime factors of v.
17
Let z(y) = y**3 + 12*y**2 - 4*y + 18. Let d be z(-12). Let n = d - -19. What are the prime factors of n?
5, 17
Suppose 3*r = -35*r + 13604. List the prime factors of r.
2, 179
Let v = 2245 - -29. What are the prime factors of v?
2, 3, 379
Let a = -1779 - -3970. What are the prime factors of a?
7, 313
Let q(v) = 44*v**2 - 2*v + 8. List the prime factors of q(-4).
2, 3, 5
Let l(o) = -o**2 + 4*o - 1. Let b(j) = 3*j**2 - 8*j + 2. Let x(t) = 2*b(t) + 5*l(t). Let f be x(-3). What are the prime factors of -8*(1/f - 4)?
2, 17
Suppose 4*o + 6 = 10. Let y be (-77)/(-35) - o/5. Suppose -3*u - y*h - 3 = -8, 0 = 5*u - 5*h - 50. List the prime factors of u.
5
Let b = -12 - -8. Let k be (-3 - (-50)/4)*b. Let g = 82 + k. What are the prime factors of g?
2, 11
Let o = -43 - -342. Suppose 4*j - 228 = 4*n, 5*n - 7*n + o = 5*j. List the prime factors of j.
59
List the prime factors of 8*16027/154 + 6/14.
7, 17
Let h(p) = 2 + 2*p**2 - 20*p + 16*p - p**2 + 0*p**2. Let y be h(4). Suppose -5*w = -3*l - y*l + 80, 2*l - 4*w - 24 = 0. What are the prime factors of l?
2, 5
List the prime factors of (-9)/(-72)*4*4918.
2459
Let y(w) = 3*w**2 + 4*w - 5. Let a be 2/1 + (-10 - -4). Let p be y(a). Suppose -36 = -2*q - 3*o, -5*o = -5*q + 38 + p. What are the prime factors of q?
3, 5
Let d be (-1)/1 + 3/1. Suppose 5*k = 4*k. Suppose -d*s - 5*z + 46 = k, 0*z - 4 = -z. List the prime factors of s.
13
What are the prime factors of 0 + 1381 - ((-16)/8 - -1)?
2, 691
Suppose -28*j = -15 - 97. Suppose -b - 10 = -4*y, 2*y + 2 = 4*b - 0*y. Suppose -b*a = -a - 3*u - 29, -a + 31 = -j*u. List the prime factors of a.
23
Let u(m) be the third derivative of -m**6/120 + m**5/15 + m**4/24 - m**3/6 - 3*m**2. Let k be u(4). What are the prime factors of (-25)/(-20) - k/(-4)?
2
Let u = 121 + -73. Let n = -34 + u. List the prime factors of n.
2, 7
Suppose 8*d - 225 = 1007. What are the prime factors of d?
2, 7, 11
Suppose 8812 = -6*x + 8*x + 2*a, -2*x = -4*a - 8788. What are the prime factors of x?
2, 31, 71
Suppose -3*q = -7 - 5. Let a(g) = -q*g - 3 - 5 - g**2 + 14*g. What are the prime factors of a(8)?
2
Let s be 39/7 - (3 + (-136)/56). Let p = 6 - -25. Suppose -6*r + p = -s*r. What are the prime factors of r?
31
Suppose 44 = -4*d + 5*x - 0*x, 0 = -3*d - 3*x - 6. Let s(o) = -2*o**3 - 8*o**2 - 2*o - 1. What are the prime factors of s(d)?
5, 31
Let x = 259 + -59. List the prime factors of x.
2, 5
Suppose -z - 2818 + 3346 = 0. List the prime factors of z.
2, 3, 11
Let g(r) = -4 - 3*r**2 + 4*r + r**2 - 3*r**2 + 6*r**2. What are the prime factors of g(6)?
2, 7
Let r = -384 - -192. Let c = -108 - r. What are the prime factors of c?
2, 3, 7
Suppose -z + 0*z = 0. Let h be -1 + z + (-3 - -4). Suppose -5*s - 3*m + 397 - 118 = h, 4*s - 4*m = 204. List the prime factors of s.
2, 3
Suppose -5*i = 2*m - 1855, -15*m = -3*i - 20*m + 1094. List the prime factors of i.
373
Let n = 197 + -107. What are the prime factors of n?
2, 3, 5
Suppose -o + 102 = 2*q, 2*q - 3*o = -0*q + 102. Let i = -22 + q. What are the prime factors of i?
29
Let n be (-25)/(-10) + 1/(-2). Suppose -4*j - 5*o = -196, -o - n*o = 5*j - 232. What are the prime factors of j?
2, 11
Let w be (-935)/(-44) + 6/8. Let o(h) = -h**2 + 25*h. What are the prime factors of o(w)?
2, 3, 11
Let r be -7 + (-6)/(3 - 5). What are the prime factors of 615*(r - 39/(-9))?
5, 41
Let w = 18 + -12. Suppose -3*x + w*x = 0. Suppose x = 5*s + r - 6*r - 220, 4*r = 2*s - 94. What are the prime factors of s?
41
Let p(q) = 5*q. Let r be p(2). Suppose -4*i + r = -6. Let g(j) = j**2 - j - 5. What are the prime factors of g(i)?
7
Suppose -2*g = -0*k + 3*k + 19, 21 = -3*g - 3*k. Let y be -4 + 21*g/(-6). Suppose 164 = -0*p + 3*p - 5*f, 3*f = y*p - 162. List the prime factors of p.
53
Let l(b) = 11*b - 11. Let p(k) = -6*k**3 + 3*k + 2. Let c be p(-1). What are the prime factors of l(c)?
2, 11
List the prime factors of 2694/7 + (-216)/252.
2, 3
Let c(i) = -2*i**2 - 7. Let q be c(5). Let s be (-7 + 3)*(-1 + -1 + -22). Let n = s + q. What are the prime factors of n?
3, 13
What are the prime factors of -3 - -4 - ((-399 - 5) + -1)?
2, 7, 29
Suppose 4813 = 2*n - 3*m - 755, 0 = 5*n - 4*m - 13934. What are the prime factors of n?
2, 3, 5, 31
Suppose 4*m + 0*y - 683 = -y, -5*m - 4*y = -862. List the prime factors of m.
2, 5, 17
Let a(u) = -u**2 - 9*u - 12. Let j be a(-7). Suppose 3*t = 5*i + 115, -2*t - 4*i = -j*i - 98. What are the prime factors of t?
3, 5
Let v(d) = -14*d + 6. Let b be v(-8). Let m = -218 + b. List the prime factors of ((-7)/(-2))/((-10)/m).
5, 7
Suppose x = 2*w - 313, 3*w + 0*x - 5*x - 459 = 0. Let g = -44 + w. What are the prime factors of g?
2, 3, 19
Suppose -2*b - v = -2395, 2*v - 3586 = -3*b + 7*v. What are the prime factors of b?
3, 7, 19
Let a = 41 + -234. Let q = -64 - a. List the prime factors of q.
3, 43
Let r = 69 - -446. List the prime factors of r.
5, 103
Let f = 88 + -50. Suppose -37*u - 230 = -f*u. What are the prime factors of u?
2, 5, 23
Let k(d) = -d + 1. Let l(n) = -n**3 + 4*n**2 + 5*n - 7. Let w be l(5). Let o be k(w). Suppose -3*v + 1 = -o. List the prime factors of v.
3
Suppose 0 = 17*h - 11*h - 10584. List the prime factors of h.
2, 3, 7
List the prime factors of 18/(-33) - (-629831)/209.
23, 131
Suppose -10*i = 10762 - 55232. What are the prime factors of i?
4447
List the prime factors of ((-6*14)/(-6))/(6/225).
3, 5, 7
List the prime factors of (-5 - 1)/(4 + (-546)/135).
3, 5
Let g(v) = -36*v**3 - v**2 - v. Let u be g(-1). Suppose 2*o - 3*t + 19 = 0, -3*o - u = -0*o - 2*t. Let m = o - -46. What are the prime factors of m?
2
Let s(x) = 3*x**2 + 18*x + 3. Let c(w) = w**3 - 8*w**2 - 9*w - 8. Let l be c(9). What are the prime factors of s(l)?
3, 17
Let q = 8921 + -3113. List the prime factors of q.
2, 3, 11
Let s be 3*-2*(3 - 33/9). Suppose -5*b + 8 = 3*n - b, 0 = -n - 5*b + 10. Suppose n = -v + 4*t + 27, 0*v - s*v + 2*t = -52. What are the prime factors of v?
11
Let p(w) = -33*w - 3 - 33*w + 75*w. Let z(c) = -c**3 - 6*c**2 + 7*c + 3. Let i be z(-7). What are the prime factors of p(i)?
2, 3
Let q be (-1 + 28/20)*5*-3. List the prime factors of -96*(-4 - 22/q).
2
Suppose -2*c = 2*h - 228, 3*h = 4*c - 78 + 420. Let t(b) = b - 2. Let j be t(4). Suppose j*f - h = -f. What are the prime factors of f?
2, 19
Let o(h) be the third derivative of h**5/20 + h**4/12 + 26*h**2. List the prime factors of o(-7).
7, 19
Suppose 4*v + 711 + 193 = 0. Let y = v + 390. List the prime factors of y.
2, 41
Suppose -4*y = v, -2*v - 33 = 2*y - 5*y. Let j be (-150)/(-4) + v/(-8). Let m = j - 27. What are the prime factors of m?
2, 3
Let h(m) = m**2 + 8*m + 122. Let w be h(0). Let o be (-2)/6*-1*9. Suppose -5 + w = o*x. List the prime factors of x.
3, 13
Let b(q) = -2*q**2 + 36*q + 9. Let j(d) = d**2 - 18*d - 5. Let p(t) = -3*b(t) - 7*j(t). List the prime factors of p(14).
2
Let m = -44 - -6. Let r = 80 + m. List the prime factors of r.
2, 3, 7
Let c = -50 - -52. Suppose c*r = -7*y + 2*y + 322, r - 5*y - 131 = 0. List the prime factors of r.
151
Let n(r) = 159*r + 3. Let v be n(3). Suppose 6*y = 11*y - v. Suppose -2*x - x = -y. What are the prime factors of x?
2
Let b = 3 - -19. Let k = b - -83. What are the prime factors of k?
3, 5, 7
Suppose -12514 = -4*l + 5*k, -5*l + 4*k = -3394 - 12253. What are the prime factors of l?
31, 101
Let y(p) = 5 + 176*p**2 - 185*p**2 + 10*p - 6*p**3 + p + 7*p**3. Suppose 1 = -d, 4*h - 14 = 2*h - 2*d. What are the prime factors of y(h)?
29
Suppose 223 - 856 = -4*r - z, 5*r - 4*z = 765. Let x = -102 + r. List the prime factors of x.
5, 11
Let s = 65 - 60. Suppose 0 = -5*g - b + 571, -3*g - 2*b = -s*g + 238. What are the prime factors of g?
5, 23
Suppose 4*s - 4*w + 116 = 0, -5*w + 46 = 5*s + 141. Let h be (-33)/5 + s/(-40). List the prime factors of h/4 - 67/(-2).
2
Suppose 0 = 6*y - 5*y - 64. Let q = y - -23. What are the prime f